{"id":2619,"date":"2017-11-27T16:54:44","date_gmt":"2017-11-27T16:54:44","guid":{"rendered":"http:\/\/www.encontrabelohorizonte.com.br\/sobre\/?page_id=2619"},"modified":"2017-11-29T22:25:53","modified_gmt":"2017-11-29T22:25:53","slug":"cemiterio-da-paz-belo-horizonte","status":"publish","type":"page","link":"https:\/\/www.encontrabelohorizonte.com.br\/sobre\/cemiterio-da-paz-belo-horizonte\/","title":{"rendered":"Cemit\u00e9rio da Paz Belo Horizonte"},"content":{"rendered":"<div class=\"2e083cf0b19e2c11948dc6ac054ba979\" data-index=\"1\" style=\"float: none; margin:0px;\">\n<!-- Anuncio display - global -->\r\n<ins class=\"adsbygoogle\"\r\n     style=\"display:block\"\r\n     data-ad-client=\"ca-pub-8585364105181520\"\r\n     data-ad-slot=\"8789329856\"\r\n     data-ad-format=\"auto\"\r\n     data-full-width-responsive=\"true\"><\/ins>\r\n<script>\r\n     (adsbygoogle = window.adsbygoogle || []).push({});\r\n<\/script>\n<\/div>\n<p>Maior cemit\u00e9rio p\u00fablico da cidade, o <strong>Cemit\u00e9rio da Paz\u00a0Belo Horizonte<\/strong> foi constru\u00eddo em 1967 e tamb\u00e9m possui uma configura\u00e7\u00e3o moderna de cemit\u00e9rio-parque da cidade.<\/p>\n<p><img loading=\"lazy\" decoding=\"async\" class=\"alignnone wp-image-2620 size-full\" title=\"Cemit\u00e9rio da Paz Belo Horizonte\" src=\"https:\/\/www.encontrabelohorizonte.com.br\/sobre\/wp-content\/uploads\/cemiterio-da-paz-belo-horiz.jpg\" alt=\"Cemit\u00e9rio da Paz Belo Horizonte\" width=\"680\" height=\"189\" srcset=\"https:\/\/www.encontrabelohorizonte.com.br\/sobre\/wp-content\/uploads\/cemiterio-da-paz-belo-horiz.jpg 680w, https:\/\/www.encontrabelohorizonte.com.br\/sobre\/wp-content\/uploads\/cemiterio-da-paz-belo-horiz-300x83.jpg 300w\" sizes=\"auto, (max-width: 680px) 100vw, 680px\" \/><\/p>\n<h2>Hor\u00e1rio de Funcionamento Cemit\u00e9rio da Paz Belo Horizonte<\/h2>\n<ul>\n<li>Diariamente das 7h \u00e0s 19h<\/li>\n<\/ul>\n<h3>Endere\u00e7o e Telefone Cemit\u00e9rio da Paz Belo Horizonte<\/h3>\n<ul>\n<li>Av. Presidente Carlos Luz, 868-1002 &#8211; Alto Cai\u00e7aras &#8211; Belo Horizonte &#8211; MG<\/li>\n<li>Telefone: (31) 3277-8304<\/li>\n<\/ul>\n<h4>Mapa de localiza\u00e7\u00e3o<\/h4>\n<a class=\"wp-colorbox-iframe\" href=\"https:\/\/www.google.com\/maps\/embed?pb=!1m14!1m8!1m3!1d15006.299462635938!2d-43.9664074!3d-19.9001658!3m2!1i1024!2i768!4f13.1!3m3!1m2!1s0x00x39355a34b4d8d97f!2sCemitrio+da+Paz!5e0!3m2!1spt-BR!2sbr!4v1511800982769\"><img decoding=\"async\" src=\"http:\/\/www.encontrabelohorizonte.com.br\/imgs\/maps-post.png\"><\/a>\n\n<div style=\"font-size: 0px; height: 0px; line-height: 0px; margin: 0; padding: 0; clear: both;\"><\/div>","protected":false},"excerpt":{"rendered":"<p>Maior cemit\u00e9rio p\u00fablico da cidade, o Cemit\u00e9rio da Paz\u00a0Belo Horizonte foi constru\u00eddo em 1967 e tamb\u00e9m possui uma configura\u00e7\u00e3o moderna de cemit\u00e9rio-parque da cidade. Hor\u00e1rio de Funcionamento Cemit\u00e9rio da Paz Belo Horizonte Diariamente das 7h \u00e0s 19h Endere\u00e7o e Telefone Cemit\u00e9rio da Paz Belo Horizonte Av. Presidente Carlos Luz, 868-1002 &#8211; Alto Cai\u00e7aras &#8211; Belo Horizonte &#8211; MG Telefone: (31) 3277-8304 Mapa de localiza\u00e7\u00e3o<\/p>\n","protected":false},"author":1,"featured_media":0,"parent":0,"menu_order":0,"comment_status":"closed","ping_status":"closed","template":"","meta":{"footnotes":""},"class_list":["post-2619","page","type-page","status-publish","hentry"],"aioseo_notices":[],"_links":{"self":[{"href":"https:\/\/www.encontrabelohorizonte.com.br\/sobre\/wp-json\/wp\/v2\/pages\/2619","targetHints":{"allow":["GET"]}}],"collection":[{"href":"https:\/\/www.encontrabelohorizonte.com.br\/sobre\/wp-json\/wp\/v2\/pages"}],"about":[{"href":"https:\/\/www.encontrabelohorizonte.com.br\/sobre\/wp-json\/wp\/v2\/types\/page"}],"author":[{"embeddable":true,"href":"https:\/\/www.encontrabelohorizonte.com.br\/sobre\/wp-json\/wp\/v2\/users\/1"}],"replies":[{"embeddable":true,"href":"https:\/\/www.encontrabelohorizonte.com.br\/sobre\/wp-json\/wp\/v2\/comments?post=2619"}],"version-history":[{"count":0,"href":"https:\/\/www.encontrabelohorizonte.com.br\/sobre\/wp-json\/wp\/v2\/pages\/2619\/revisions"}],"wp:attachment":[{"href":"https:\/\/www.encontrabelohorizonte.com.br\/sobre\/wp-json\/wp\/v2\/media?parent=2619"}],"curies":[{"name":"wp","href":"https:\/\/api.w.org\/{rel}","templated":true}]}}

Cemitério da Paz Belo Horizonte

<div class="2e083cf0b19e2c11948dc6ac054ba979" data-index="1" style="float: none; margin:0px;">
<!-- Anuncio display - global -->
<ins class="adsbygoogle"
     style="display:block"
     data-ad-client="ca-pub-8585364105181520"
     data-ad-slot="8789329856"
     data-ad-format="auto"
     data-full-width-responsive="true"></ins>
<script>
     (adsbygoogle = window.adsbygoogle || []).push({});
</script>
</div>
<p>Maior cemitério público da cidade, o <strong>Cemitério da Paz Belo Horizonte</strong> foi construído em 1967 e também possui uma configuração moderna de cemitério-parque da cidade.</p>
<p><img loading="lazy" decoding="async" class="alignnone wp-image-2620 size-full" title="Cemitério da Paz Belo Horizonte" src="https://www.encontrabelohorizonte.com.br/sobre/wp-content/uploads/cemiterio-da-paz-belo-horiz.jpg" alt="Cemitério da Paz Belo Horizonte" width="680" height="189" srcset="https://www.encontrabelohorizonte.com.br/sobre/wp-content/uploads/cemiterio-da-paz-belo-horiz.jpg 680w, https://www.encontrabelohorizonte.com.br/sobre/wp-content/uploads/cemiterio-da-paz-belo-horiz-300x83.jpg 300w" sizes="auto, (max-width: 680px) 100vw, 680px" /></p>
<h2>Horário de Funcionamento Cemitério da Paz Belo Horizonte</h2>
<ul>
<li>Diariamente das 7h às 19h</li>
</ul>
<h3>Endereço e Telefone Cemitério da Paz Belo Horizonte</h3>
<ul>
<li>Av. Presidente Carlos Luz, 868-1002 &#8211; Alto Caiçaras &#8211; Belo Horizonte &#8211; MG</li>
<li>Telefone: (31) 3277-8304</li>
</ul>
<h4>Mapa de localização</h4>
<a class="wp-colorbox-iframe" href="https://www.google.com/maps/embed?pb=!1m14!1m8!1m3!1d15006.299462635938!2d-43.9664074!3d-19.9001658!3m2!1i1024!2i768!4f13.1!3m3!1m2!1s0x00x39355a34b4d8d97f!2sCemitrio+da+Paz!5e0!3m2!1spt-BR!2sbr!4v1511800982769"><img decoding="async" src="http://www.encontrabelohorizonte.com.br/imgs/maps-post.png"></a>

<div style="font-size: 0px; height: 0px; line-height: 0px; margin: 0; padding: 0; clear: both;"></div>

<p>Maior cemitério público da cidade, o Cemitério da Paz Belo Horizonte foi construído em 1967 e também possui uma configuração moderna de cemitério-parque da cidade. Horário de Funcionamento Cemitério da Paz Belo Horizonte Diariamente das 7h às 19h Endereço e Telefone Cemitério da Paz Belo Horizonte Av. Presidente Carlos Luz, 868-1002 &#8211; Alto Caiçaras &#8211; Belo Horizonte &#8211; MG Telefone: (31) 3277-8304 Mapa de localização</p>
