{"id":2710,"date":"2017-11-29T19:56:26","date_gmt":"2017-11-29T19:56:26","guid":{"rendered":"http:\/\/www.encontrabelohorizonte.com.br\/sobre\/?page_id=2710"},"modified":"2017-11-30T12:08:01","modified_gmt":"2017-11-30T12:08:01","slug":"sesc-belo-horizonte","status":"publish","type":"page","link":"https:\/\/www.encontrabelohorizonte.com.br\/sobre\/sesc-belo-horizonte\/","title":{"rendered":"SESC Belo Horizonte"},"content":{"rendered":"<div class=\"2e083cf0b19e2c11948dc6ac054ba979\" data-index=\"1\" style=\"float: none; margin:0px;\">\n<!-- Anuncio display - global -->\r\n<ins class=\"adsbygoogle\"\r\n     style=\"display:block\"\r\n     data-ad-client=\"ca-pub-8585364105181520\"\r\n     data-ad-slot=\"8789329856\"\r\n     data-ad-format=\"auto\"\r\n     data-full-width-responsive=\"true\"><\/ins>\r\n<script>\r\n     (adsbygoogle = window.adsbygoogle || []).push({});\r\n<\/script>\n<\/div>\n<p>Fundado pela Confedera\u00e7\u00e3o Nacional do Com\u00e9rcio em 13 de setembro de 1946, o <strong>Sesc Belo Horizonte<\/strong>, institui\u00e7\u00e3o privada e mantida pelos empres\u00e1rios do com\u00e9rcio, comemora 70 anos de trabalho no Brasil.<\/p>\n<p>Em Minas Gerais, desde 27 de junho de 1948, atua em todas as regi\u00f5es do estado, com 48 unidades, sendo 35 unidades operacionais, e outras 11 unidades m\u00f3veis, al\u00e9m de 2 unidades administrativas.<\/p>\n<p><img loading=\"lazy\" decoding=\"async\" class=\"alignnone wp-image-2711 size-full\" title=\"SESC Belo Horizonte\" src=\"https:\/\/www.encontrabelohorizonte.com.br\/sobre\/wp-content\/uploads\/sesc-belo-horizonte.jpg\" alt=\"SESC Belo Horizonte\" width=\"585\" height=\"189\" srcset=\"https:\/\/www.encontrabelohorizonte.com.br\/sobre\/wp-content\/uploads\/sesc-belo-horizonte.jpg 585w, https:\/\/www.encontrabelohorizonte.com.br\/sobre\/wp-content\/uploads\/sesc-belo-horizonte-300x97.jpg 300w\" sizes=\"auto, (max-width: 585px) 100vw, 585px\" \/><\/p>\n<h2>SESC Belo Horizonte Venda Nova<\/h2>\n<p><span style=\"text-decoration: underline;\">SESC Venda Nova<\/span> localizado em Belo Horizonte tem hospedagem mais barata pra turistas associados e n\u00e3o associados, com tarifas econ\u00f4micas para voc\u00ea se hospedar na <span style=\"text-decoration: underline;\">Pousada SESC Venda Nova<\/span>, lugar ideal para voc\u00ea desfrutar de tudo que tem de melhor em lazer, esporte e cultura.<\/p>\n<h3>SESC Belo Horizonte Como Fazer a Carteirinha<\/h3>\n<p>Em uma das unidades do Sesc ou na pr\u00f3pria empresa em que se trabalha. A Credencial Plena \u00e9 <em>gratuita<\/em>.<br \/>\nVoc\u00ea pode contatar uma das unidades do Sesc atrav\u00e9s do Fale Conosco (no pr\u00f3prio site), e na mensagem informar o CNPJ da empresa que consta em seu contrato de trabalho, registrado na carteira profissional para saber se sua empresa \u00e9 contribuinte do Sesc.<\/p>\n<h3>SESC Belo Horizonte Vacinas<\/h3>\n<p>Precisa vacinar? O <span style=\"text-decoration: underline;\">Sesc Sa\u00fade S\u00e3o Francisco<\/span>, em Belo Horizonte oferece uma lista completa de vacinas da rede p\u00fablica e particular. Tem vacina BCG, Hepatite B, Tr\u00edplice Viral, HPV, entre outras. Confira mais informa\u00e7\u00f5es pelos telefone: Sesc Sa\u00fade S\u00e3o Francisco: (31) 3270-8100<\/p>\n<h3>SESC Belo Horizonte Cursos<\/h3>\n<p>O <span style=\"text-decoration: underline;\">Edif\u00edcio-Sede do Sesc<\/span> possui salas multiuso e audit\u00f3rio de 200 lugares, oferece tamb\u00e9m cursos e tem sala de conviv\u00eancia para idosos.<\/p>\n<h3>Hor\u00e1rio de Funcionamento SESC Belo Horizonte<\/h3>\n<ul>\n<li>Sesc Hospedagem &#8211; Atendimento 24h<\/li>\n<li>Sesc Tupinamb\u00e1s &#8211; Segunda a sexta das 8h \u00e0s 19h<\/li>\n<li>Sesc Edif\u00edcio-Sede &#8211; Segunda a sexta das 7h \u00e0s 20h \/ S\u00e1bado das 8h \u00e0s 14h<\/li>\n<li>Sesc Desportivo &#8211; Segunda a sexta das 7h \u00e0s 20h \/ S\u00e1bado e domingo das 8h \u00e0s 18h<\/li>\n<li>Sesc Floresta &#8211; Segunda a sexta das 7h30 \u00e0s 19h30 \/ S\u00e1bado das 8h \u00e0s 14h<\/li>\n<li>Sesc Santa Quit\u00e9ria &#8211; Segunda a sexta das 7h \u00e0s 20h \/ S\u00e1bado das 8h \u00e0s 14h<\/li>\n<li>Sesc Palladium &#8211; Segunda a s\u00e1bado das 9h \u00e0s 21h<\/li>\n<li>Sesc S\u00e3o Francisco &#8211; Segunda a sexta das 7h \u00e0s18h \/ S\u00e1bado das 7h \u00e0s 12h<\/li>\n<\/ul>\n<h3>Endere\u00e7o e Telefone SESC Belo Horizonte<\/h3>\n<ul>\n<li><strong>Sesc Hospedagem<\/strong> &#8211; R. Maria Borboleta, s\/n &#8211; Novo Let\u00edcia &#8211; Telefone: (31) 3048-7500<\/li>\n<li><strong>Sesc Tupinamb\u00e1<\/strong>s &#8211; Rua dos Tupinamb\u00e1s, 908 &#8211; Centro &#8211; (31) 3270-8100<\/li>\n<li><strong>Sesc Edif\u00edcio-Sede<\/strong> &#8211; Rua dos Tupinamb\u00e1s, 956 &#8211; Centro &#8211; (31) 3270-8100<\/li>\n<li><strong>Sesc Desportivo<\/strong> &#8211; R. Te\u00f3filo Oton\u00ed, 433 &#8211; Carlos Prates &#8211; (31) 3244-3250<\/li>\n<li><strong>Sesc Floresta<\/strong> &#8211; R. Pouso Alegre, 1647 &#8211; Floresta &#8211; (31) 3465-4900<\/li>\n<li><strong>Sesc Santa Quit\u00e9ria<\/strong> &#8211; R. Santa Quit\u00e9ria, 566 &#8211; Carlos Prates &#8211; (31) 3419-6100<\/li>\n<li><strong>Sesc Palladium<\/strong> &#8211; Av. Augusto de Lima, 420 &#8211; Centro &#8211; (31) 3270-8100<\/li>\n<li><strong>Sesc S\u00e3o Francisco<\/strong> &#8211; R. Viana do Castelo, 490 &#8211; S\u00e3o Francisco &#8211; (31) 3270-8100<\/li>\n<\/ul>\n<h4>Outras informa\u00e7\u00f5es e site<\/h4>\n<p>Mais informa\u00e7\u00f5es:\u00a0<a href=\"http:\/\/www.sescmg.com.br\" target=\"_blank\" rel=\"noopener noreferrer\">www.sescmg.com.br<\/a><\/p>\n<h4>Mapa de localiza\u00e7\u00e3o<\/h4>\n<a class=\"wp-colorbox-iframe\" href=\"https:\/\/www.google.com\/maps\/embed?pb=!1m18!1m12!1m3!1d3751.189892907154!2d-43.945299385085605!3d-19.91640118661134!2m3!1f0!2f0!3f0!3m2!1i1024!2i768!4f13.1!3m3!1m2!1s0xa699fd7a7015770xbb4146c28af533d3!2sRua+dos+Tupinambs+956+-+Centro+Belo+Horizonte+-+MG+30120-070!5e0!3m2!1spt-BR!2sbr!4v1511972500948\"><img decoding=\"async\" src=\"http:\/\/www.encontrabelohorizonte.com.br\/imgs\/maps-post.png\"><\/a>\n\n<div style=\"font-size: 0px; height: 0px; line-height: 0px; margin: 0; padding: 0; clear: both;\"><\/div>","protected":false},"excerpt":{"rendered":"<p>Fundado pela Confedera\u00e7\u00e3o Nacional do Com\u00e9rcio em 13 de setembro de 1946, o Sesc Belo Horizonte, institui\u00e7\u00e3o privada e mantida pelos empres\u00e1rios do com\u00e9rcio, comemora 70 anos de trabalho no Brasil. Em Minas Gerais, desde 27 de junho de 1948, atua em todas as regi\u00f5es do estado, com 48 unidades, sendo 35 unidades operacionais, e outras 11 unidades m\u00f3veis, al\u00e9m de 2 unidades administrativas. SESC Belo Horizonte Venda Nova SESC Venda Nova localizado em Belo Horizonte tem hospedagem mais barata pra turistas associados e n\u00e3o associados, com tarifas econ\u00f4micas para voc\u00ea se hospedar na Pousada SESC Venda Nova, lugar ideal <\/p>\n","protected":false},"author":1,"featured_media":0,"parent":0,"menu_order":0,"comment_status":"closed","ping_status":"closed","template":"","meta":{"footnotes":""},"class_list":["post-2710","page","type-page","status-publish","hentry"],"aioseo_notices":[],"_links":{"self":[{"href":"https:\/\/www.encontrabelohorizonte.com.br\/sobre\/wp-json\/wp\/v2\/pages\/2710","targetHints":{"allow":["GET"]}}],"collection":[{"href":"https:\/\/www.encontrabelohorizonte.com.br\/sobre\/wp-json\/wp\/v2\/pages"}],"about":[{"href":"https:\/\/www.encontrabelohorizonte.com.br\/sobre\/wp-json\/wp\/v2\/types\/page"}],"author":[{"embeddable":true,"href":"https:\/\/www.encontrabelohorizonte.com.br\/sobre\/wp-json\/wp\/v2\/users\/1"}],"replies":[{"embeddable":true,"href":"https:\/\/www.encontrabelohorizonte.com.br\/sobre\/wp-json\/wp\/v2\/comments?post=2710"}],"version-history":[{"count":0,"href":"https:\/\/www.encontrabelohorizonte.com.br\/sobre\/wp-json\/wp\/v2\/pages\/2710\/revisions"}],"wp:attachment":[{"href":"https:\/\/www.encontrabelohorizonte.com.br\/sobre\/wp-json\/wp\/v2\/media?parent=2710"}],"curies":[{"name":"wp","href":"https:\/\/api.w.org\/{rel}","templated":true}]}}