{"id":2720,"date":"2017-11-30T13:26:56","date_gmt":"2017-11-30T13:26:56","guid":{"rendered":"http:\/\/www.encontrabelohorizonte.com.br\/sobre\/?page_id=2720"},"modified":"2017-11-30T13:34:35","modified_gmt":"2017-11-30T13:34:35","slug":"camara-municipal-de-belo-horizonte","status":"publish","type":"page","link":"https:\/\/www.encontrabelohorizonte.com.br\/sobre\/camara-municipal-de-belo-horizonte\/","title":{"rendered":"C\u00e2mara Municipal de Belo Horizonte"},"content":{"rendered":"<div class=\"2e083cf0b19e2c11948dc6ac054ba979\" data-index=\"1\" style=\"float: none; margin:0px;\">\n<!-- Anuncio display - global -->\r\n<ins class=\"adsbygoogle\"\r\n     style=\"display:block\"\r\n     data-ad-client=\"ca-pub-8585364105181520\"\r\n     data-ad-slot=\"8789329856\"\r\n     data-ad-format=\"auto\"\r\n     data-full-width-responsive=\"true\"><\/ins>\r\n<script>\r\n     (adsbygoogle = window.adsbygoogle || []).push({});\r\n<\/script>\n<\/div>\n<p>A C\u00e2mara Municipal \u00e9 o Poder Legislativo de Belo Horizonte. Tem como fun\u00e7\u00f5es fazer leis sobre assuntos espec\u00edficos da cidade e fiscalizar o trabalho do Poder Executivo, acompanhando os gastos p\u00fablicos, avaliando os servi\u00e7os municipais e sugerindo melhorias nas pol\u00edticas p\u00fablicas.<\/p>\n<p>A <strong>C\u00e2mara Municipal de Belo Horizonte<\/strong> \u00e9 composta por 41 vereadores, eleitos a cada quatro anos, para representar a popula\u00e7\u00e3o.<\/p>\n<p><img loading=\"lazy\" decoding=\"async\" class=\"alignnone wp-image-2721 size-full\" title=\"C\u00e2mara Municipal de Belo Horizonte\" src=\"https:\/\/www.encontrabelohorizonte.com.br\/sobre\/wp-content\/uploads\/camara-belo-horizonte.jpg\" alt=\"C\u00e2mara Municipal de Belo Horizonte\" width=\"680\" height=\"189\" srcset=\"https:\/\/www.encontrabelohorizonte.com.br\/sobre\/wp-content\/uploads\/camara-belo-horizonte.jpg 680w, https:\/\/www.encontrabelohorizonte.com.br\/sobre\/wp-content\/uploads\/camara-belo-horizonte-300x83.jpg 300w\" sizes=\"auto, (max-width: 680px) 100vw, 680px\" \/><\/p>\n<p>Suas decis\u00f5es devem atender ao interesse da cidade e s\u00e3o tomadas em reuni\u00f5es abertas \u00e0 participa\u00e7\u00e3o de todos.<\/p>\n<p>O \u00f3rg\u00e3o se re\u00fane regularmente, nos primeiros <em>10 dias \u00fateis de cada m<\/em>\u00eas (\u00e0 exce\u00e7\u00e3o de janeiro), para discutir e votar proposi\u00e7\u00f5es.<\/p>\n<p>Esses encontros s\u00e3o chamados de reuni\u00f5es plen\u00e1rias, onde s\u00e3o apreciados, tamb\u00e9m, projetos de resolu\u00e7\u00e3o, propostas de emenda \u00e0 <em>Lei Org\u00e2nica<\/em>, requerimentos e proposi\u00e7\u00f5es similares. Durante as reuni\u00f5es, \u00e9 reservado um tempo de fala a cada um dos vereadores, quando podem expressar suas opini\u00f5es sobre assuntos da atualidade que considerem relevantes. As reuni\u00f5es plen\u00e1rias s\u00e3o abertas e podem ser acompanhadas por qualquer pessoa interessada.<\/p>\n<h2>C\u00e2mara Municipal de Belo Horizonte Concurso<\/h2>\n<p>A <span style=\"text-decoration: underline;\">C\u00e2mara Municipal de Belo Horizonte<\/span> realiza Concurso P\u00fablico para provimento de cargos de seu quadro efetivo. A organizadora do certame \u00e9 a <a href=\"http:\/\/www.consulplan.net\/concursosInterna.aspx?k=0FK0LCaQg78=\" target=\"_blank\" rel=\"noopener noreferrer\">Consuplan<\/a> (Consultoria e Planejamento em Administra\u00e7\u00e3o P\u00fablica), que venceu licita\u00e7\u00e3o p\u00fablica.<\/p>\n<p>Ao todo, 102 vagas est\u00e3o dispon\u00edveis, entre cargos de n\u00edvel m\u00e9dio e superior de escolaridade. A remunera\u00e7\u00e3o prevista varia entre R$ 3.187,25 e R$ 7.853,62 e a jornada de trabalho ser\u00e1 de 30 horas semanais, para a maioria dos cargos.<\/p>\n<h3>C\u00e2mara Municipal de Belo Horizonte Vereadores<\/h3>\n<p>Os <span style=\"text-decoration: underline;\">vereadores<\/span> s\u00e3o eleitos a partir do n\u00famero total de vagas que seu partido ou coliga\u00e7\u00e3o consegue obter na C\u00e2mara Municipal de Belo Horizonte e do qu\u00e3o bem ele foi votado em rela\u00e7\u00e3o aos outros candidatos dentro de seu partido ou coliga\u00e7\u00e3o.<\/p>\n<p>Diferentemente do Executivo (prefeito, governador e presidente), a elei\u00e7\u00e3o do Legislativo (vereadores, deputados estaduais e federais e senadores) deve preencher mais de um cargo, e por isso usa um sistema eleitoral diferente. Enquanto que para as vagas do Executivo \u00e9 eleito aquele que conseguir mais da metade dos votos v\u00e1lidos.<\/p>\n<h3>Hor\u00e1rio de Funcionamento C\u00e2mara Municipal de Belo Horizonte<\/h3>\n<ul>\n<li>Segunda a sexta das 7h30 \u00e0s 19h<\/li>\n<\/ul>\n<h3>Endere\u00e7o e Telefone C\u00e2mara Municipal de Belo Horizonte<\/h3>\n<ul>\n<li>Av. dos Andradas, 3100 &#8211; Santa Efig\u00eania &#8211; Belo Horizonte &#8211; MG<\/li>\n<li>(31) 3555-1122<\/li>\n<\/ul>\n<h4>Outras informa\u00e7\u00f5es e site<\/h4>\n<p>Mais informa\u00e7\u00f5es:\u00a0<a href=\"http:\/\/www.cmbh.mg.gov.br\" target=\"_blank\" rel=\"noopener noreferrer\">www.cmbh.mg.gov.br<\/a><\/p>\n<h4>Mapa de localiza\u00e7\u00e3o<\/h4>\n<a class=\"wp-colorbox-iframe\" href=\"https:\/\/www.google.com\/maps\/embed?pb=!1m14!1m8!1m3!1d15004.354977453848!2d-43.9158287!3d-19.9206648!3m2!1i1024!2i768!4f13.1!3m3!1m2!1s0x00xb3e220f4f15bcf00!2sCmara+Municipal+de+Belo+Horizonte!5e0!3m2!1spt-BR!2sbr!4v1512046225066\"><img decoding=\"async\" src=\"http:\/\/www.encontrabelohorizonte.com.br\/imgs\/maps-post.png\"><\/a>\n\n<div style=\"font-size: 0px; height: 0px; line-height: 0px; margin: 0; padding: 0; clear: both;\"><\/div>","protected":false},"excerpt":{"rendered":"<p>A C\u00e2mara Municipal \u00e9 o Poder Legislativo de Belo Horizonte. Tem como fun\u00e7\u00f5es fazer leis sobre assuntos espec\u00edficos da cidade e fiscalizar o trabalho do Poder Executivo, acompanhando os gastos p\u00fablicos, avaliando os servi\u00e7os municipais e sugerindo melhorias nas pol\u00edticas p\u00fablicas. A C\u00e2mara Municipal de Belo Horizonte \u00e9 composta por 41 vereadores, eleitos a cada quatro anos, para representar a popula\u00e7\u00e3o. Suas decis\u00f5es devem atender ao interesse da cidade e s\u00e3o tomadas em reuni\u00f5es abertas \u00e0 participa\u00e7\u00e3o de todos. O \u00f3rg\u00e3o se re\u00fane regularmente, nos primeiros 10 dias \u00fateis de cada m\u00eas (\u00e0 exce\u00e7\u00e3o de janeiro), para discutir e votar <\/p>\n","protected":false},"author":1,"featured_media":0,"parent":0,"menu_order":0,"comment_status":"closed","ping_status":"closed","template":"","meta":{"footnotes":""},"class_list":["post-2720","page","type-page","status-publish","hentry"],"aioseo_notices":[],"_links":{"self":[{"href":"https:\/\/www.encontrabelohorizonte.com.br\/sobre\/wp-json\/wp\/v2\/pages\/2720","targetHints":{"allow":["GET"]}}],"collection":[{"href":"https:\/\/www.encontrabelohorizonte.com.br\/sobre\/wp-json\/wp\/v2\/pages"}],"about":[{"href":"https:\/\/www.encontrabelohorizonte.com.br\/sobre\/wp-json\/wp\/v2\/types\/page"}],"author":[{"embeddable":true,"href":"https:\/\/www.encontrabelohorizonte.com.br\/sobre\/wp-json\/wp\/v2\/users\/1"}],"replies":[{"embeddable":true,"href":"https:\/\/www.encontrabelohorizonte.com.br\/sobre\/wp-json\/wp\/v2\/comments?post=2720"}],"version-history":[{"count":0,"href":"https:\/\/www.encontrabelohorizonte.com.br\/sobre\/wp-json\/wp\/v2\/pages\/2720\/revisions"}],"wp:attachment":[{"href":"https:\/\/www.encontrabelohorizonte.com.br\/sobre\/wp-json\/wp\/v2\/media?parent=2720"}],"curies":[{"name":"wp","href":"https:\/\/api.w.org\/{rel}","templated":true}]}}

Câmara Municipal de Belo Horizonte

<div class="2e083cf0b19e2c11948dc6ac054ba979" data-index="1" style="float: none; margin:0px;">
<!-- Anuncio display - global -->
<ins class="adsbygoogle"
     style="display:block"
     data-ad-client="ca-pub-8585364105181520"
     data-ad-slot="8789329856"
     data-ad-format="auto"
     data-full-width-responsive="true"></ins>
<script>
     (adsbygoogle = window.adsbygoogle || []).push({});
</script>
</div>
<p>A Câmara Municipal é o Poder Legislativo de Belo Horizonte. Tem como funções fazer leis sobre assuntos específicos da cidade e fiscalizar o trabalho do Poder Executivo, acompanhando os gastos públicos, avaliando os serviços municipais e sugerindo melhorias nas políticas públicas.</p>
<p>A <strong>Câmara Municipal de Belo Horizonte</strong> é composta por 41 vereadores, eleitos a cada quatro anos, para representar a população.</p>
<p><img loading="lazy" decoding="async" class="alignnone wp-image-2721 size-full" title="Câmara Municipal de Belo Horizonte" src="https://www.encontrabelohorizonte.com.br/sobre/wp-content/uploads/camara-belo-horizonte.jpg" alt="Câmara Municipal de Belo Horizonte" width="680" height="189" srcset="https://www.encontrabelohorizonte.com.br/sobre/wp-content/uploads/camara-belo-horizonte.jpg 680w, https://www.encontrabelohorizonte.com.br/sobre/wp-content/uploads/camara-belo-horizonte-300x83.jpg 300w" sizes="auto, (max-width: 680px) 100vw, 680px" /></p>
<p>Suas decisões devem atender ao interesse da cidade e são tomadas em reuniões abertas à participação de todos.</p>
<p>O órgão se reúne regularmente, nos primeiros <em>10 dias úteis de cada m</em>ês (à exceção de janeiro), para discutir e votar proposições.</p>
<p>Esses encontros são chamados de reuniões plenárias, onde são apreciados, também, projetos de resolução, propostas de emenda à <em>Lei Orgânica</em>, requerimentos e proposições similares. Durante as reuniões, é reservado um tempo de fala a cada um dos vereadores, quando podem expressar suas opiniões sobre assuntos da atualidade que considerem relevantes. As reuniões plenárias são abertas e podem ser acompanhadas por qualquer pessoa interessada.</p>
<h2>Câmara Municipal de Belo Horizonte Concurso</h2>
<p>A <span style="text-decoration: underline;">Câmara Municipal de Belo Horizonte</span> realiza Concurso Público para provimento de cargos de seu quadro efetivo. A organizadora do certame é a <a href="http://www.consulplan.net/concursosInterna.aspx?k=0FK0LCaQg78=" target="_blank" rel="noopener noreferrer">Consuplan</a> (Consultoria e Planejamento em Administração Pública), que venceu licitação pública.</p>
<p>Ao todo, 102 vagas estão disponíveis, entre cargos de nível médio e superior de escolaridade. A remuneração prevista varia entre R$ 3.187,25 e R$ 7.853,62 e a jornada de trabalho será de 30 horas semanais, para a maioria dos cargos.</p>
<h3>Câmara Municipal de Belo Horizonte Vereadores</h3>
<p>Os <span style="text-decoration: underline;">vereadores</span> são eleitos a partir do número total de vagas que seu partido ou coligação consegue obter na Câmara Municipal de Belo Horizonte e do quão bem ele foi votado em relação aos outros candidatos dentro de seu partido ou coligação.</p>
<p>Diferentemente do Executivo (prefeito, governador e presidente), a eleição do Legislativo (vereadores, deputados estaduais e federais e senadores) deve preencher mais de um cargo, e por isso usa um sistema eleitoral diferente. Enquanto que para as vagas do Executivo é eleito aquele que conseguir mais da metade dos votos válidos.</p>
<h3>Horário de Funcionamento Câmara Municipal de Belo Horizonte</h3>
<ul>
<li>Segunda a sexta das 7h30 às 19h</li>
</ul>
<h3>Endereço e Telefone Câmara Municipal de Belo Horizonte</h3>
<ul>
<li>Av. dos Andradas, 3100 &#8211; Santa Efigênia &#8211; Belo Horizonte &#8211; MG</li>
<li>(31) 3555-1122</li>
</ul>
<h4>Outras informações e site</h4>
<p>Mais informações: <a href="http://www.cmbh.mg.gov.br" target="_blank" rel="noopener noreferrer">www.cmbh.mg.gov.br</a></p>
<h4>Mapa de localização</h4>
<a class="wp-colorbox-iframe" href="https://www.google.com/maps/embed?pb=!1m14!1m8!1m3!1d15004.354977453848!2d-43.9158287!3d-19.9206648!3m2!1i1024!2i768!4f13.1!3m3!1m2!1s0x00xb3e220f4f15bcf00!2sCmara+Municipal+de+Belo+Horizonte!5e0!3m2!1spt-BR!2sbr!4v1512046225066"><img decoding="async" src="http://www.encontrabelohorizonte.com.br/imgs/maps-post.png"></a>

<div style="font-size: 0px; height: 0px; line-height: 0px; margin: 0; padding: 0; clear: both;"></div>

<p>A Câmara Municipal é o Poder Legislativo de Belo Horizonte. Tem como funções fazer leis sobre assuntos específicos da cidade e fiscalizar o trabalho do Poder Executivo, acompanhando os gastos públicos, avaliando os serviços municipais e sugerindo melhorias nas políticas públicas. A Câmara Municipal de Belo Horizonte é composta por 41 vereadores, eleitos a cada quatro anos, para representar a população. Suas decisões devem atender ao interesse da cidade e são tomadas em reuniões abertas à participação de todos. O órgão se reúne regularmente, nos primeiros 10 dias úteis de cada mês (à exceção de janeiro), para discutir e votar </p>
