{"id":2728,"date":"2017-11-30T14:09:59","date_gmt":"2017-11-30T14:09:59","guid":{"rendered":"http:\/\/www.encontrabelohorizonte.com.br\/sobre\/?page_id=2728"},"modified":"2017-11-30T17:30:43","modified_gmt":"2017-11-30T17:30:43","slug":"praca-da-liberdade-belo-horizonte","status":"publish","type":"page","link":"https:\/\/www.encontrabelohorizonte.com.br\/sobre\/praca-da-liberdade-belo-horizonte\/","title":{"rendered":"Pra\u00e7a da Liberdade Belo Horizonte"},"content":{"rendered":"<div class=\"2e083cf0b19e2c11948dc6ac054ba979\" data-index=\"1\" style=\"float: none; margin:0px;\">\n<!-- Anuncio display - global -->\r\n<ins class=\"adsbygoogle\"\r\n     style=\"display:block\"\r\n     data-ad-client=\"ca-pub-8585364105181520\"\r\n     data-ad-slot=\"8789329856\"\r\n     data-ad-format=\"auto\"\r\n     data-full-width-responsive=\"true\"><\/ins>\r\n<script>\r\n     (adsbygoogle = window.adsbygoogle || []).push({});\r\n<\/script>\n<\/div>\n<p>O complexo paisagistico e arquitet\u00f4nico da <strong>Pra\u00e7a da Liberdade Belo Horizonte<\/strong> \u00e9 uma s\u00edntese dos estilos que marcam a hist\u00f3ria de Belo Horizonte, e fica na regi\u00e3o da Savassi, no encontro de quatro grandes avenidas: Crist\u00f3v\u00e3o Colombo,\u00a0 Avenida Jo\u00e3o Pinheiro, Brasil, Bias Fortes.<\/p>\n<p>A pra\u00e7a conta ainda com coreto e fonte luminosa. O tra\u00e7ado e os jardins, inspirados no Pal\u00e1cio de Versalhes, s\u00e3o um convite aos passeios e caminhadas.<\/p>\n<p><img loading=\"lazy\" decoding=\"async\" class=\"alignnone wp-image-2729 size-full\" title=\"Pra\u00e7a da Liberdade Belo Horizonte\" src=\"https:\/\/www.encontrabelohorizonte.com.br\/sobre\/wp-content\/uploads\/praca-da-liberdade-belo-hor.jpg\" alt=\"Pra\u00e7a da Liberdade Belo Horizonte\" width=\"680\" height=\"189\" srcset=\"https:\/\/www.encontrabelohorizonte.com.br\/sobre\/wp-content\/uploads\/praca-da-liberdade-belo-hor.jpg 680w, https:\/\/www.encontrabelohorizonte.com.br\/sobre\/wp-content\/uploads\/praca-da-liberdade-belo-hor-300x83.jpg 300w\" sizes=\"auto, (max-width: 680px) 100vw, 680px\" \/><\/p>\n<h2>Pra\u00e7a da Liberdade Belo Horizonte Hist\u00f3ria<\/h2>\n<p>A constru\u00e7\u00e3o da pra\u00e7a foi iniciada na <em>\u00e9poca da funda\u00e7\u00e3o da nova capital mineira<\/em> (1895-1897). Situada no ponto mais alto da \u00e1rea inicial da cidade (circunscrita \u00e0 Avenida do Contorno) a pra\u00e7a foi feita para abrigar a sede do poder mineiro, os pr\u00e9dios do Pal\u00e1cio do Governo e das primeiras Secretarias de Estado obedecem a tend\u00eancia da \u00e9poca &#8211; estilo ecl\u00e9tico com elementos neocl\u00e1ssicos. Ao longo dos anos, o complexo foi recebendo constru\u00e7\u00f5es de diferentes estilos arquitet\u00f4nicos.<\/p>\n<p>Na d\u00e9cada de 1940, o estilo art dec\u00f3 com revestimento em p\u00f3 de pedra do Pal\u00e1cio Cristo Rei. Nas <span style=\"text-decoration: underline;\">d\u00e9cadas de 1950 e 1960<\/span> pr\u00e9dios modernos foram incorporados ao conjunto, como o Edif\u00edcio Niemeyer e a Biblioteca P\u00fablica, ambos projetados por Oscar Niemeyer. Nos <span style=\"text-decoration: underline;\">anos 1980<\/span>, em estilo p\u00f3s-moderno, foi inaugurado o pr\u00e9dio conhecido como &#8220;Rainha da Sucata&#8221;, que est\u00e1 em reforma para abrigar o Centro de atendimento ao turista.<\/p>\n<h3>Pra\u00e7a da Liberdade Belo Horizonte Arquitetura<\/h3>\n<p>A Pra\u00e7a da Liberdade sempre foi s\u00edmbolo de lazer e turismo na capital e a agora faz parte oficialmente do Circuito Cultural Liberdade, organizado em pr\u00e9dios hist\u00f3ricos que representam a <em>arquitetura<\/em> dos primeiros anos da cidade.<\/p>\n<p>O conjunto arquitet\u00f4nico e paisag\u00edstico, tombado pelo Instituto Estadual do Patrim\u00f4nio Hist\u00f3rico e Art\u00edstico de Minas Gerais, amplia as atra\u00e7\u00f5es da regi\u00e3o onde os moradores e visitantes buscam lazer, descanso e conv\u00edvio.<\/p>\n<h3>Hor\u00e1rio de Funcionamento Pra\u00e7a da Liberdade Belo Horizonte<\/h3>\n<ul>\n<li>Atendimento 24 horas<\/li>\n<\/ul>\n<h3>Endere\u00e7o e Telefone Pra\u00e7a da Liberdade Belo Horizonte<\/h3>\n<ul>\n<li>Pra\u00e7a da Liberdade, s\/n &#8211; Funcion\u00e1rios &#8211; Belo Horizonte &#8211; MG<\/li>\n<li>Telefone: (31) 3308-4000<\/li>\n<\/ul>\n<h4>Mapa de localiza\u00e7\u00e3o<\/h4>\n<a class=\"wp-colorbox-iframe\" href=\"https:\/\/www.google.com\/maps\/embed?pb=!1m14!1m8!1m3!1d15003.263397946603!2d-43.9380004!3d-19.9321635!3m2!1i1024!2i768!4f13.1!3m3!1m2!1s0x00x6cd7a529d18b722b!2sPraa+da+Liberdade!5e0!3m2!1spt-BR!2sbr!4v1512049949969\"><img decoding=\"async\" src=\"http:\/\/www.encontrabelohorizonte.com.br\/imgs\/maps-post.png\"><\/a>\n\n<div style=\"font-size: 0px; height: 0px; line-height: 0px; margin: 0; padding: 0; clear: both;\"><\/div>","protected":false},"excerpt":{"rendered":"<p>O complexo paisagistico e arquitet\u00f4nico da Pra\u00e7a da Liberdade Belo Horizonte \u00e9 uma s\u00edntese dos estilos que marcam a hist\u00f3ria de Belo Horizonte, e fica na regi\u00e3o da Savassi, no encontro de quatro grandes avenidas: Crist\u00f3v\u00e3o Colombo,\u00a0 Avenida Jo\u00e3o Pinheiro, Brasil, Bias Fortes. A pra\u00e7a conta ainda com coreto e fonte luminosa. O tra\u00e7ado e os jardins, inspirados no Pal\u00e1cio de Versalhes, s\u00e3o um convite aos passeios e caminhadas. Pra\u00e7a da Liberdade Belo Horizonte Hist\u00f3ria A constru\u00e7\u00e3o da pra\u00e7a foi iniciada na \u00e9poca da funda\u00e7\u00e3o da nova capital mineira (1895-1897). Situada no ponto mais alto da \u00e1rea inicial da cidade <\/p>\n","protected":false},"author":1,"featured_media":0,"parent":0,"menu_order":0,"comment_status":"closed","ping_status":"closed","template":"","meta":{"footnotes":""},"class_list":["post-2728","page","type-page","status-publish","hentry"],"aioseo_notices":[],"_links":{"self":[{"href":"https:\/\/www.encontrabelohorizonte.com.br\/sobre\/wp-json\/wp\/v2\/pages\/2728","targetHints":{"allow":["GET"]}}],"collection":[{"href":"https:\/\/www.encontrabelohorizonte.com.br\/sobre\/wp-json\/wp\/v2\/pages"}],"about":[{"href":"https:\/\/www.encontrabelohorizonte.com.br\/sobre\/wp-json\/wp\/v2\/types\/page"}],"author":[{"embeddable":true,"href":"https:\/\/www.encontrabelohorizonte.com.br\/sobre\/wp-json\/wp\/v2\/users\/1"}],"replies":[{"embeddable":true,"href":"https:\/\/www.encontrabelohorizonte.com.br\/sobre\/wp-json\/wp\/v2\/comments?post=2728"}],"version-history":[{"count":0,"href":"https:\/\/www.encontrabelohorizonte.com.br\/sobre\/wp-json\/wp\/v2\/pages\/2728\/revisions"}],"wp:attachment":[{"href":"https:\/\/www.encontrabelohorizonte.com.br\/sobre\/wp-json\/wp\/v2\/media?parent=2728"}],"curies":[{"name":"wp","href":"https:\/\/api.w.org\/{rel}","templated":true}]}}

Praça da Liberdade Belo Horizonte

<div class="2e083cf0b19e2c11948dc6ac054ba979" data-index="1" style="float: none; margin:0px;">
<!-- Anuncio display - global -->
<ins class="adsbygoogle"
     style="display:block"
     data-ad-client="ca-pub-8585364105181520"
     data-ad-slot="8789329856"
     data-ad-format="auto"
     data-full-width-responsive="true"></ins>
<script>
     (adsbygoogle = window.adsbygoogle || []).push({});
</script>
</div>
<p>O complexo paisagistico e arquitetônico da <strong>Praça da Liberdade Belo Horizonte</strong> é uma síntese dos estilos que marcam a história de Belo Horizonte, e fica na região da Savassi, no encontro de quatro grandes avenidas: Cristóvão Colombo,  Avenida João Pinheiro, Brasil, Bias Fortes.</p>
<p>A praça conta ainda com coreto e fonte luminosa. O traçado e os jardins, inspirados no Palácio de Versalhes, são um convite aos passeios e caminhadas.</p>
<p><img loading="lazy" decoding="async" class="alignnone wp-image-2729 size-full" title="Praça da Liberdade Belo Horizonte" src="https://www.encontrabelohorizonte.com.br/sobre/wp-content/uploads/praca-da-liberdade-belo-hor.jpg" alt="Praça da Liberdade Belo Horizonte" width="680" height="189" srcset="https://www.encontrabelohorizonte.com.br/sobre/wp-content/uploads/praca-da-liberdade-belo-hor.jpg 680w, https://www.encontrabelohorizonte.com.br/sobre/wp-content/uploads/praca-da-liberdade-belo-hor-300x83.jpg 300w" sizes="auto, (max-width: 680px) 100vw, 680px" /></p>
<h2>Praça da Liberdade Belo Horizonte História</h2>
<p>A construção da praça foi iniciada na <em>época da fundação da nova capital mineira</em> (1895-1897). Situada no ponto mais alto da área inicial da cidade (circunscrita à Avenida do Contorno) a praça foi feita para abrigar a sede do poder mineiro, os prédios do Palácio do Governo e das primeiras Secretarias de Estado obedecem a tendência da época &#8211; estilo eclético com elementos neoclássicos. Ao longo dos anos, o complexo foi recebendo construções de diferentes estilos arquitetônicos.</p>
<p>Na década de 1940, o estilo art decó com revestimento em pó de pedra do Palácio Cristo Rei. Nas <span style="text-decoration: underline;">décadas de 1950 e 1960</span> prédios modernos foram incorporados ao conjunto, como o Edifício Niemeyer e a Biblioteca Pública, ambos projetados por Oscar Niemeyer. Nos <span style="text-decoration: underline;">anos 1980</span>, em estilo pós-moderno, foi inaugurado o prédio conhecido como &#8220;Rainha da Sucata&#8221;, que está em reforma para abrigar o Centro de atendimento ao turista.</p>
<h3>Praça da Liberdade Belo Horizonte Arquitetura</h3>
<p>A Praça da Liberdade sempre foi símbolo de lazer e turismo na capital e a agora faz parte oficialmente do Circuito Cultural Liberdade, organizado em prédios históricos que representam a <em>arquitetura</em> dos primeiros anos da cidade.</p>
<p>O conjunto arquitetônico e paisagístico, tombado pelo Instituto Estadual do Patrimônio Histórico e Artístico de Minas Gerais, amplia as atrações da região onde os moradores e visitantes buscam lazer, descanso e convívio.</p>
<h3>Horário de Funcionamento Praça da Liberdade Belo Horizonte</h3>
<ul>
<li>Atendimento 24 horas</li>
</ul>
<h3>Endereço e Telefone Praça da Liberdade Belo Horizonte</h3>
<ul>
<li>Praça da Liberdade, s/n &#8211; Funcionários &#8211; Belo Horizonte &#8211; MG</li>
<li>Telefone: (31) 3308-4000</li>
</ul>
<h4>Mapa de localização</h4>
<a class="wp-colorbox-iframe" href="https://www.google.com/maps/embed?pb=!1m14!1m8!1m3!1d15003.263397946603!2d-43.9380004!3d-19.9321635!3m2!1i1024!2i768!4f13.1!3m3!1m2!1s0x00x6cd7a529d18b722b!2sPraa+da+Liberdade!5e0!3m2!1spt-BR!2sbr!4v1512049949969"><img decoding="async" src="http://www.encontrabelohorizonte.com.br/imgs/maps-post.png"></a>

<div style="font-size: 0px; height: 0px; line-height: 0px; margin: 0; padding: 0; clear: both;"></div>

<p>O complexo paisagistico e arquitetônico da Praça da Liberdade Belo Horizonte é uma síntese dos estilos que marcam a história de Belo Horizonte, e fica na região da Savassi, no encontro de quatro grandes avenidas: Cristóvão Colombo,  Avenida João Pinheiro, Brasil, Bias Fortes. A praça conta ainda com coreto e fonte luminosa. O traçado e os jardins, inspirados no Palácio de Versalhes, são um convite aos passeios e caminhadas. Praça da Liberdade Belo Horizonte História A construção da praça foi iniciada na época da fundação da nova capital mineira (1895-1897). Situada no ponto mais alto da área inicial da cidade </p>
