{"id":2771,"date":"2017-12-04T13:12:59","date_gmt":"2017-12-04T13:12:59","guid":{"rendered":"http:\/\/www.encontrabelohorizonte.com.br\/sobre\/?page_id=2771"},"modified":"2017-12-04T13:53:33","modified_gmt":"2017-12-04T13:53:33","slug":"cdl-belo-horizonte","status":"publish","type":"page","link":"https:\/\/www.encontrabelohorizonte.com.br\/sobre\/cdl-belo-horizonte\/","title":{"rendered":"Cdl Belo Horizonte"},"content":{"rendered":"<div class=\"2e083cf0b19e2c11948dc6ac054ba979\" data-index=\"1\" style=\"float: none; margin:0px;\">\n<!-- Anuncio display - global -->\r\n<ins class=\"adsbygoogle\"\r\n     style=\"display:block\"\r\n     data-ad-client=\"ca-pub-8585364105181520\"\r\n     data-ad-slot=\"8789329856\"\r\n     data-ad-format=\"auto\"\r\n     data-full-width-responsive=\"true\"><\/ins>\r\n<script>\r\n     (adsbygoogle = window.adsbygoogle || []).push({});\r\n<\/script>\n<\/div>\n<p>A<strong> Cdl Belo Horizonte<\/strong> \u00e9 uma entidade de classe sem fins econ\u00f4micos, filia\u00e7\u00e3o pol\u00edtica, partid\u00e1ria ou religiosa que h\u00e1 mais de 50 anos promove solu\u00e7\u00f5es para o com\u00e9rcio varejista e os setores de servi\u00e7os de Belo Horizonte.<\/p>\n<p>Tamb\u00e9m contribui para o desenvolvimento econ\u00f4mico e social de nossa comunidade.<\/p>\n<p>Atualmente, a Entidade \u00e9 a porta-voz de mais de 10 mil associados, distribu\u00eddos em mais de 20.000 pontos de vendas, em diversos segmentos.<\/p>\n<p><img loading=\"lazy\" decoding=\"async\" class=\"alignnone wp-image-2772 size-full\" title=\"Cdl Belo Horizonte\" src=\"https:\/\/www.encontrabelohorizonte.com.br\/sobre\/wp-content\/uploads\/cdl-belo-horizonte.jpg\" alt=\"Cdl Belo Horizonte\" width=\"680\" height=\"189\" srcset=\"https:\/\/www.encontrabelohorizonte.com.br\/sobre\/wp-content\/uploads\/cdl-belo-horizonte.jpg 680w, https:\/\/www.encontrabelohorizonte.com.br\/sobre\/wp-content\/uploads\/cdl-belo-horizonte-300x83.jpg 300w\" sizes=\"auto, (max-width: 680px) 100vw, 680px\" \/><\/p>\n<h2>Cdl Belo Horizonte SPC<\/h2>\n<p>A consulta ao banco de dados do <span style=\"text-decoration: underline;\">SPC<\/span> deve ser realizada pessoalmente na sede da CDL\/BH, com a apresenta\u00e7\u00e3o obrigat\u00f3ria dos documentos de Identidade e CPF.<\/p>\n<p>A consulta \u00e9 de gratuita e tamb\u00e9m pode ser feita por um representante legal munido de uma procura\u00e7\u00e3o com poderes especiais para represent\u00e1-lo perante a CDL\/BH, com firma reconhecida em cart\u00f3rio.<\/p>\n<p>Para a obten\u00e7\u00e3o de uma certid\u00e3o negativa junto ao<span style=\"text-decoration: underline;\"> SPC<\/span>, \u00e9 obrigat\u00f3ria a apresenta\u00e7\u00e3o dos originais e c\u00f3pias dos documentos de Identidade, CPF e Comprovante de endere\u00e7o.<\/p>\n<h3>Cdl Belo Horizonte Cursos<\/h3>\n<p>A C\u00e2mara de Dirigentes Lojistas de Belo Horizonte (CDL\/BH) em parceria com o Centro Universit\u00e1rio UNA est\u00e1 com as inscri\u00e7\u00f5es abertas para os <span style=\"text-decoration: underline;\">cursos<\/span> de curta dura\u00e7\u00e3o. S\u00e3o eles:<\/p>\n<ul>\n<li>Estrat\u00e9gias de comissionamento de vendedores<\/li>\n<li>Como utilizar as m\u00eddias sociais para alavancar o seu neg\u00f3cio<\/li>\n<li>T\u00e9cnicas inovadoras para atendimento ao cliente<\/li>\n<li>M\u00e9todos para forma\u00e7\u00e3o do pre\u00e7o de vendas<\/li>\n<\/ul>\n<p>Estes<span style=\"text-decoration: underline;\"> cursos<\/span> s\u00e3o voltados para o profissional que trabalha ou deseja atuar nos setores de com\u00e9rcio e servi\u00e7os.<br \/>\nEles s\u00e3o ofertados no per\u00edodo noturno e em tr\u00eas regi\u00f5es, sendo elas: \u00e1rea Central, Venda Nova e Barreiro.<\/p>\n<p>Associados e n\u00e3o associados da CDL\/BH podem participar pagando R$ 40 e R$ 65, respectivamente. As inscri\u00e7\u00f5es podem ser realizadas pelo telefone (31) 3249-1829.<\/p>\n<h3>Vagas Cdl Belo Horizonte &#8211; Trabalhe Conosco<\/h3>\n<p>Clique <a href=\"http:\/\/www.gruposelpe.com.br\/\" target=\"_blank\" rel=\"noopener noreferrer\">AQUI<\/a> para cadastrar seu <em>curr\u00edculo<\/em>. Surgindo oportunidades compat\u00edveis ao seu perfil, a CDL entra em contato.<\/p>\n<h3>Hor\u00e1rio de Funcionamento Cdl Belo Horizonte<\/h3>\n<ul>\n<li>Segunda a sexta das 8h30 \u00e1s 14h30<\/li>\n<\/ul>\n<h3>Endere\u00e7o e Telefone Cdl Belo Horizonte<\/h3>\n<ul>\n<li>Av. Jo\u00e3o Pinheiro, 495 &#8211; Funcion\u00e1rios &#8211; Belo Horizonte &#8211; MG<\/li>\n<li>Telefone: (31) 3249-1666<\/li>\n<\/ul>\n<h4>Outras informa\u00e7\u00f5es: Site e CNPJ<\/h4>\n<ul>\n<li>Mais informa\u00e7\u00f5es:\u00a0<a href=\"http:\/\/www.cdlbh.com.br\" target=\"_blank\" rel=\"noopener noreferrer\">www.cdlbh.com.b<\/a><\/li>\n<li>CNPJ: 17.179.359\/0001-70<\/li>\n<\/ul>\n<h4>Mapa de localiza\u00e7\u00e3o<\/h4>\n<a class=\"wp-colorbox-iframe\" href=\"https:\/\/www.google.com\/maps\/embed?pb=!1m14!1m8!1m3!1d15003.508153331795!2d-43.9371333!3d-19.9295858!3m2!1i1024!2i768!4f13.1!3m3!1m2!1s0x00x7e26f959b2d56249!2sCDLBH+-+Cmara+de+Dirigentes+Lojistas+de+Belo+Horizonte!5e0!3m2!1spt-BR!2sbr!4v1512175501185\"><img decoding=\"async\" src=\"http:\/\/www.encontrabelohorizonte.com.br\/imgs\/maps-post.png\"><\/a>\n\n<div style=\"font-size: 0px; height: 0px; line-height: 0px; margin: 0; padding: 0; clear: both;\"><\/div>","protected":false},"excerpt":{"rendered":"<p>A Cdl Belo Horizonte \u00e9 uma entidade de classe sem fins econ\u00f4micos, filia\u00e7\u00e3o pol\u00edtica, partid\u00e1ria ou religiosa que h\u00e1 mais de 50 anos promove solu\u00e7\u00f5es para o com\u00e9rcio varejista e os setores de servi\u00e7os de Belo Horizonte. Tamb\u00e9m contribui para o desenvolvimento econ\u00f4mico e social de nossa comunidade. Atualmente, a Entidade \u00e9 a porta-voz de mais de 10 mil associados, distribu\u00eddos em mais de 20.000 pontos de vendas, em diversos segmentos. Cdl Belo Horizonte SPC A consulta ao banco de dados do SPC deve ser realizada pessoalmente na sede da CDL\/BH, com a apresenta\u00e7\u00e3o obrigat\u00f3ria dos documentos de Identidade e <\/p>\n","protected":false},"author":1,"featured_media":0,"parent":0,"menu_order":0,"comment_status":"closed","ping_status":"closed","template":"","meta":{"footnotes":""},"class_list":["post-2771","page","type-page","status-publish","hentry"],"aioseo_notices":[],"_links":{"self":[{"href":"https:\/\/www.encontrabelohorizonte.com.br\/sobre\/wp-json\/wp\/v2\/pages\/2771","targetHints":{"allow":["GET"]}}],"collection":[{"href":"https:\/\/www.encontrabelohorizonte.com.br\/sobre\/wp-json\/wp\/v2\/pages"}],"about":[{"href":"https:\/\/www.encontrabelohorizonte.com.br\/sobre\/wp-json\/wp\/v2\/types\/page"}],"author":[{"embeddable":true,"href":"https:\/\/www.encontrabelohorizonte.com.br\/sobre\/wp-json\/wp\/v2\/users\/1"}],"replies":[{"embeddable":true,"href":"https:\/\/www.encontrabelohorizonte.com.br\/sobre\/wp-json\/wp\/v2\/comments?post=2771"}],"version-history":[{"count":0,"href":"https:\/\/www.encontrabelohorizonte.com.br\/sobre\/wp-json\/wp\/v2\/pages\/2771\/revisions"}],"wp:attachment":[{"href":"https:\/\/www.encontrabelohorizonte.com.br\/sobre\/wp-json\/wp\/v2\/media?parent=2771"}],"curies":[{"name":"wp","href":"https:\/\/api.w.org\/{rel}","templated":true}]}}