{"id":3021,"date":"2018-01-08T18:35:29","date_gmt":"2018-01-08T18:35:29","guid":{"rendered":"http:\/\/www.encontrabelohorizonte.com.br\/sobre\/?page_id=3021"},"modified":"2018-01-08T21:09:54","modified_gmt":"2018-01-08T21:09:54","slug":"palacio-da-liberdade-belo-horizonte","status":"publish","type":"page","link":"https:\/\/www.encontrabelohorizonte.com.br\/sobre\/palacio-da-liberdade-belo-horizonte\/","title":{"rendered":"Pal\u00e1cio da Liberdade Belo Horizonte"},"content":{"rendered":"<div class=\"2e083cf0b19e2c11948dc6ac054ba979\" data-index=\"1\" style=\"float: none; margin:0px;\">\n<!-- Anuncio display - global -->\r\n<ins class=\"adsbygoogle\"\r\n     style=\"display:block\"\r\n     data-ad-client=\"ca-pub-8585364105181520\"\r\n     data-ad-slot=\"8789329856\"\r\n     data-ad-format=\"auto\"\r\n     data-full-width-responsive=\"true\"><\/ins>\r\n<script>\r\n     (adsbygoogle = window.adsbygoogle || []).push({});\r\n<\/script>\n<\/div>\n<p>O\u00a0<strong>Pal\u00e1cio da Liberdade Belo Horizonte<\/strong> foi durante muitos anos sede do governo do estado de Minas Gerais. O edif\u00edcio foi palco de importantes acontecimentos da hist\u00f3ria de Minas Gerais.<\/p>\n<p>Foi constru\u00eddo em Belo Horizonte, no ano de 1897. Com um tra\u00e7ado neocl\u00e1ssico, o pal\u00e1cio mescla estilos arquitet\u00f4nicos que v\u00e3o desde o Lu\u00eds XV ao mourisco. A escadaria principal foi fundida na Alemanha e apresenta um elegante estilo art nouveau.<\/p>\n<p><img loading=\"lazy\" decoding=\"async\" class=\"alignnone wp-image-3022 size-full\" title=\"Pal\u00e1cio da Liberdade Belo Horizonte\" src=\"https:\/\/www.encontrabelohorizonte.com.br\/sobre\/wp-content\/uploads\/palacio-da-liberdade-belo-h.jpg\" alt=\"Pal\u00e1cio da Liberdade Belo Horizonte\" width=\"680\" height=\"189\" srcset=\"https:\/\/www.encontrabelohorizonte.com.br\/sobre\/wp-content\/uploads\/palacio-da-liberdade-belo-h.jpg 680w, https:\/\/www.encontrabelohorizonte.com.br\/sobre\/wp-content\/uploads\/palacio-da-liberdade-belo-h-300x83.jpg 300w\" sizes=\"auto, (max-width: 680px) 100vw, 680px\" \/><\/p>\n<p>Os jardins eram prolongamentos da pra\u00e7a, por\u00e9m sem as grades que hoje cercam o pal\u00e1cio.<\/p>\n<p>A estrutura do pr\u00e9dio \u00e9 constitu\u00edda por tr\u00eas pavimentos que serviram de moradia aos governadores e suas fam\u00edlias. Teve como h\u00f3spedes os ilustres ex-governadores e ex-presidentes da Rep\u00fablica Juscelino Kubitschek e Tancredo Neves, assim como a presen\u00e7a marcante de Benedito Valadares e Milton Campos.<\/p>\n<p>Por volta dos anos 1950, o governador Juscelino Kubitschek construiu uma nova resid\u00eancia, localizada no bairro Mangabeiras para ser a nova resid\u00eancia dos governadores, chamado de Pal\u00e1cio das Mangabeiras e nos anos 1960, o governador Israel Pinheiro prop\u00f4s a demoli\u00e7\u00e3o do pal\u00e1cio para a constru\u00e7\u00e3o de um moderno edif\u00edcio vertical projetado pelo arquiteto Oscar Niemeyer. A id\u00e9ia, por\u00e9m, foi vetada. Abandonado nos anos 1970 pelos governadores que preferiram trabalhar no Pal\u00e1cio dos Despachos, o Pal\u00e1cio da Liberdade voltou a ser prestigiado por Tancredo Neves que despachava de l\u00e1, assim como Eduardo Azeredo e Itamar Franco passaram tamb\u00e9m a fazer.<\/p>\n<p>Atualmente o Governador despacha do Pal\u00e1cio Tiradentes situado na Cidade Administrativa de Minas Gerais projetada pelo arquiteto Oscar Niemeyer. O Pal\u00e1cio da Liberdade atualmente faz parte do Circuito Cultural da Pra\u00e7a da Liberdade e serve para cerim\u00f4nias solenes de transfer\u00eancia de mandato.<\/p>\n<h2>Hor\u00e1rio de Funcionamento Pal\u00e1cio da Liberdade Belo Horizonte<\/h2>\n<ul>\n<li>Atendimento 24 horas.<\/li>\n<\/ul>\n<h3>Endere\u00e7o e Telefone Pal\u00e1cio da Liberdade Belo Horizonte<\/h3>\n<ul>\n<li>Pra\u00e7a da Liberdade, s\/n &#8211; Funcion\u00e1rios, Belo Horizonte &#8211; MG<\/li>\n<li>Telefone: (31) 3239-2000<\/li>\n<\/ul>\n<h4>Outras informa\u00e7\u00f5es e site<\/h4>\n<p>Mais informa\u00e7\u00f5es:\u00a0<a href=\"http:\/\/www.circuitoculturalliberdade.com.br\" target=\"_blank\" rel=\"noopener noreferrer\">www.circuitoculturalliberdade.com.br<\/a><\/p>\n<h4>Mapa de localiza\u00e7\u00e3o<\/h4>\n<a class=\"wp-colorbox-iframe\" href=\"https:\/\/www.google.com\/maps\/embed?pb=!1m14!1m8!1m3!1d15003.250132413985!2d-43.9382801!3d-19.9323032!3m2!1i1024!2i768!4f13.1!3m3!1m2!1s0x00x6cd7a529d18b722b!2sPraa+da+Liberdade!5e0!3m2!1spt-BR!2sbr!4v1515433857805\"><img decoding=\"async\" src=\"http:\/\/www.encontrabelohorizonte.com.br\/imgs\/maps-post.png\"><\/a>\n\n<div style=\"font-size: 0px; height: 0px; line-height: 0px; margin: 0; padding: 0; clear: both;\"><\/div>","protected":false},"excerpt":{"rendered":"<p>O\u00a0Pal\u00e1cio da Liberdade Belo Horizonte foi durante muitos anos sede do governo do estado de Minas Gerais. O edif\u00edcio foi palco de importantes acontecimentos da hist\u00f3ria de Minas Gerais. Foi constru\u00eddo em Belo Horizonte, no ano de 1897. Com um tra\u00e7ado neocl\u00e1ssico, o pal\u00e1cio mescla estilos arquitet\u00f4nicos que v\u00e3o desde o Lu\u00eds XV ao mourisco. A escadaria principal foi fundida na Alemanha e apresenta um elegante estilo art nouveau. Os jardins eram prolongamentos da pra\u00e7a, por\u00e9m sem as grades que hoje cercam o pal\u00e1cio. A estrutura do pr\u00e9dio \u00e9 constitu\u00edda por tr\u00eas pavimentos que serviram de moradia aos governadores e <\/p>\n","protected":false},"author":1,"featured_media":0,"parent":0,"menu_order":0,"comment_status":"closed","ping_status":"closed","template":"","meta":{"footnotes":""},"class_list":["post-3021","page","type-page","status-publish","hentry"],"aioseo_notices":[],"_links":{"self":[{"href":"https:\/\/www.encontrabelohorizonte.com.br\/sobre\/wp-json\/wp\/v2\/pages\/3021","targetHints":{"allow":["GET"]}}],"collection":[{"href":"https:\/\/www.encontrabelohorizonte.com.br\/sobre\/wp-json\/wp\/v2\/pages"}],"about":[{"href":"https:\/\/www.encontrabelohorizonte.com.br\/sobre\/wp-json\/wp\/v2\/types\/page"}],"author":[{"embeddable":true,"href":"https:\/\/www.encontrabelohorizonte.com.br\/sobre\/wp-json\/wp\/v2\/users\/1"}],"replies":[{"embeddable":true,"href":"https:\/\/www.encontrabelohorizonte.com.br\/sobre\/wp-json\/wp\/v2\/comments?post=3021"}],"version-history":[{"count":0,"href":"https:\/\/www.encontrabelohorizonte.com.br\/sobre\/wp-json\/wp\/v2\/pages\/3021\/revisions"}],"wp:attachment":[{"href":"https:\/\/www.encontrabelohorizonte.com.br\/sobre\/wp-json\/wp\/v2\/media?parent=3021"}],"curies":[{"name":"wp","href":"https:\/\/api.w.org\/{rel}","templated":true}]}}

Palácio da Liberdade Belo Horizonte

<div class="2e083cf0b19e2c11948dc6ac054ba979" data-index="1" style="float: none; margin:0px;">
<!-- Anuncio display - global -->
<ins class="adsbygoogle"
     style="display:block"
     data-ad-client="ca-pub-8585364105181520"
     data-ad-slot="8789329856"
     data-ad-format="auto"
     data-full-width-responsive="true"></ins>
<script>
     (adsbygoogle = window.adsbygoogle || []).push({});
</script>
</div>
<p>O <strong>Palácio da Liberdade Belo Horizonte</strong> foi durante muitos anos sede do governo do estado de Minas Gerais. O edifício foi palco de importantes acontecimentos da história de Minas Gerais.</p>
<p>Foi construído em Belo Horizonte, no ano de 1897. Com um traçado neoclássico, o palácio mescla estilos arquitetônicos que vão desde o Luís XV ao mourisco. A escadaria principal foi fundida na Alemanha e apresenta um elegante estilo art nouveau.</p>
<p><img loading="lazy" decoding="async" class="alignnone wp-image-3022 size-full" title="Palácio da Liberdade Belo Horizonte" src="https://www.encontrabelohorizonte.com.br/sobre/wp-content/uploads/palacio-da-liberdade-belo-h.jpg" alt="Palácio da Liberdade Belo Horizonte" width="680" height="189" srcset="https://www.encontrabelohorizonte.com.br/sobre/wp-content/uploads/palacio-da-liberdade-belo-h.jpg 680w, https://www.encontrabelohorizonte.com.br/sobre/wp-content/uploads/palacio-da-liberdade-belo-h-300x83.jpg 300w" sizes="auto, (max-width: 680px) 100vw, 680px" /></p>
<p>Os jardins eram prolongamentos da praça, porém sem as grades que hoje cercam o palácio.</p>
<p>A estrutura do prédio é constituída por três pavimentos que serviram de moradia aos governadores e suas famílias. Teve como hóspedes os ilustres ex-governadores e ex-presidentes da República Juscelino Kubitschek e Tancredo Neves, assim como a presença marcante de Benedito Valadares e Milton Campos.</p>
<p>Por volta dos anos 1950, o governador Juscelino Kubitschek construiu uma nova residência, localizada no bairro Mangabeiras para ser a nova residência dos governadores, chamado de Palácio das Mangabeiras e nos anos 1960, o governador Israel Pinheiro propôs a demolição do palácio para a construção de um moderno edifício vertical projetado pelo arquiteto Oscar Niemeyer. A idéia, porém, foi vetada. Abandonado nos anos 1970 pelos governadores que preferiram trabalhar no Palácio dos Despachos, o Palácio da Liberdade voltou a ser prestigiado por Tancredo Neves que despachava de lá, assim como Eduardo Azeredo e Itamar Franco passaram também a fazer.</p>
<p>Atualmente o Governador despacha do Palácio Tiradentes situado na Cidade Administrativa de Minas Gerais projetada pelo arquiteto Oscar Niemeyer. O Palácio da Liberdade atualmente faz parte do Circuito Cultural da Praça da Liberdade e serve para cerimônias solenes de transferência de mandato.</p>
<h2>Horário de Funcionamento Palácio da Liberdade Belo Horizonte</h2>
<ul>
<li>Atendimento 24 horas.</li>
</ul>
<h3>Endereço e Telefone Palácio da Liberdade Belo Horizonte</h3>
<ul>
<li>Praça da Liberdade, s/n &#8211; Funcionários, Belo Horizonte &#8211; MG</li>
<li>Telefone: (31) 3239-2000</li>
</ul>
<h4>Outras informações e site</h4>
<p>Mais informações: <a href="http://www.circuitoculturalliberdade.com.br" target="_blank" rel="noopener noreferrer">www.circuitoculturalliberdade.com.br</a></p>
<h4>Mapa de localização</h4>
<a class="wp-colorbox-iframe" href="https://www.google.com/maps/embed?pb=!1m14!1m8!1m3!1d15003.250132413985!2d-43.9382801!3d-19.9323032!3m2!1i1024!2i768!4f13.1!3m3!1m2!1s0x00x6cd7a529d18b722b!2sPraa+da+Liberdade!5e0!3m2!1spt-BR!2sbr!4v1515433857805"><img decoding="async" src="http://www.encontrabelohorizonte.com.br/imgs/maps-post.png"></a>

<div style="font-size: 0px; height: 0px; line-height: 0px; margin: 0; padding: 0; clear: both;"></div>

<p>O Palácio da Liberdade Belo Horizonte foi durante muitos anos sede do governo do estado de Minas Gerais. O edifício foi palco de importantes acontecimentos da história de Minas Gerais. Foi construído em Belo Horizonte, no ano de 1897. Com um traçado neoclássico, o palácio mescla estilos arquitetônicos que vão desde o Luís XV ao mourisco. A escadaria principal foi fundida na Alemanha e apresenta um elegante estilo art nouveau. Os jardins eram prolongamentos da praça, porém sem as grades que hoje cercam o palácio. A estrutura do prédio é constituída por três pavimentos que serviram de moradia aos governadores e </p>
